ivative of -c**2 + 4*c**2 + 8*c - 8*c**2 - 18 - 5*c**2. What is the tens digit of u(-2)?
4
Let c(a) = -a + 2. Let q(i) = i**3 + 4*i**2 - 7*i - 5. Let j be q(-5). Let l be c(j). Let w(b) = -2*b**3 + 2*b**2 - b - 3. What is the units digit of w(l)?
2
Let y(i) = 119*i**2 - 85*i + 525. What is the hundreds digit of y(6)?
2
Let o(i) = 6*i + 261. Let h be o(-43). Suppose -2*n - 5*l + 460 + 122 = 0, -831 = -h*n + 3*l. What is the tens digit of n?
8
What is the thousands digit of (-4 - -2)*36322/(-52)?
1
Let b(t) = 20*t**3 + 71*t**2 + 134*t + 55. Let g(m) = 7*m**3 + 24*m**2 + 45*m + 18. Let a(i) = 6*b(i) - 17*g(i). What is the tens digit of a(-13)?
6
Suppose 6*p - 1042 = p - 3*j, 2*p - 392 = 5*j. What is the tens digit of p?
0
Let t(h) = h**3 + 16*h**2 - 14*h + 20. Let u be -26 - (-3 - 3) - -5. What is the tens digit of t(u)?
5
Suppose 54 = 29*m - 26*m. Suppose 0 = -3*y + 48 - m. Suppose -y*z + 328 + 1262 = 0. What is the units digit of z?
9
Let t(f) = 11*f**2 - 6*f + 47. Let y(d) = -24*d**2 + 11*d - 95. Let b(m) = -13*t(m) - 6*y(m). What is the tens digit of b(-29)?
5
Suppose -3*o = -5*s - 10290, 4*s - 8*s = -3*o + 10290. Let l = o - 2361. What is the tens digit of l?
6
Suppose 16*v + 12*v = 18*v + 55590. What is the hundreds digit of v?
5
Let x be ((-77)/(-44))/((-1)/(-4)). What is the tens digit of 62/(-217) - (-1416)/x?
0
Suppose 1586 = 15*i - 13*i. Suppose -i - 679 = -4*f. What is the hundreds digit of f?
3
Let d be 86 + -85 + 2/(2/2). Suppose -d*n - 4452 = -5*f, 3*n = 4 - 1. What is the hundreds digit of f?
8
Let u(s) = -22*s + 455. Let t(l) = 4*l**3 + 3*l**2 - 3*l - 53. Let a be t(0). What is the thousands digit of u(a)?
1
Let r = -36 - -38. Suppose 12*v + 2*y - 698 = 10*v, 0 = -r*v + 4*y + 668. What is the hundreds digit of v?
3
Suppose -10*j + 8*j + 141 = 45*j. Suppose -6 + 2 = -2*a. Suppose 0 = a*v - j - 3, 0 = -2*q + 5*v + 521. What is the tens digit of q?
6
Let g(w) = -7*w + 11. Let v(u) = 15*u - 23. Let l(i) = -13*g(i) - 6*v(i). Let p be l(-7). What is the units digit of (-219)/(1/(4/p))?
3
Let o be 0 - -4*20/8. Let y = 124 - 34. What is the tens digit of (4/o)/(3/y)?
1
Suppose 762477 = 19*o - 150891. What is the units digit of o?
2
Let d be (17/68)/((-1)/(-4)). What is the units digit of (d + -3 + 3)*217?
7
Suppose a = -3*i + 11, -a + 3*i = 5*i - 7. Let d(t) = 63*t**3 - t**2 + t. Let c be d(1). Let m = c + a. What is the units digit of m?
2
Suppose -79*u + 73*u - 3*p = -183615, 0 = 3*u + 4*p - 91805. What is the ten thousands digit of u?
3
Let v(k) = k. Let u be v(8). Suppose u*l - 54 = 2*l. Let b(t) = 2*t**2 + 5*t - 13. What is the hundreds digit of b(l)?
1
Suppose 3*n = 11*n - 352. Let h = n + -48. What is the units digit of 0 + h - (-2 + -93)?
1
Let d(i) = 71*i + 4256. What is the tens digit of d(-18)?
7
Let p(y) = -y**3 + 9*y**2 - 8*y + 9. Suppose 6*j - 6 = -0. Let z be (1 + j)/((-24)/(-72)). What is the units digit of p(z)?
9
Let h be ((-810)/99 - (-2)/11)*1. Let o(f) = -7*f + 46. What is the hundreds digit of o(h)?
1
Let v = -54 + 56. Suppose 0*d = -v*d + 4. Suppose 2*h - d*w = 134, -131 = -5*h + 3*w + 194. What is the units digit of h?
2
What is the ten thousands digit of ((-636664)/(-56))/((-3 + 4)*4 + -3)?
1
Suppose 4*w + 102393 = 5*g, -3*g + 839*w + 61429 = 840*w. What is the ten thousands digit of g?
2
Suppose -485 = -4*t + 763. Suppose 0 = -5*s + h + 1746, -4*s - t = h - 1707. What is the units digit of s?
9
Let w(c) = c**2 - 23*c + 81. Let a be w(19). Suppose -3*h + 791 = z - 5*z, 1326 = a*h + z. What is the hundreds digit of h?
2
What is the hundreds digit of 1934/((21 + -1)/220)?
2
Suppose -3881 = -228*j + 224*j - 5*m, 4848 = 5*j + 3*m. What is the units digit of j?
9
Suppose 218*u = 192*u + 238004. What is the tens digit of u?
5
Let q(i) be the third derivative of 41*i**6/720 - i**5/20 + 9*i**4/8 - 11*i**2. Let y(h) be the second derivative of q(h). What is the units digit of y(3)?
7
Let a = 14429 - 8190. What is the tens digit of a?
3
Let f(q) = -343*q + 6. Let k be f(-3). Suppose -k = -6*a - 3*a. Let j = 298 - a. What is the tens digit of j?
8
Let g be 40/140 - 2/21*3. What is the hundreds digit of (-1690)/(-5 - g) - -1?
3
What is the thousands digit of ((155584/6)/(-8))/(34/(-51))?
4
Suppose 2*w + 254 = i, -3*i + 5*w + 983 = 221. Suppose -9*u + 65 = i. Let t = 0 - u. What is the units digit of t?
1
Let t = -168 - -200. Suppose 2*q - 5*b + 51 = -0*q, -4*q + 5*b = 127. Let r = t - q. What is the tens digit of r?
7
Suppose -16*v - 2*v - 5*v = -265443. What is the ten thousands digit of v?
1
Suppose 228344 = 3*o + 181*h - 183*h, 3*h = o - 76096. What is the tens digit of o?
2
Suppose -4*m = -y - 27 - 378, -205 = -2*m + 3*y. Let w = m + 368. What is the tens digit of w?
6
Suppose i = a - 2099, -6*a + 10497 = -a - 3*i. What is the units digit of a?
0
Let m = -4042 - -50007. What is the thousands digit of m?
5
What is the tens digit of (-225)/(-10)*(-336440)/(-195)?
2
Suppose -135*x - 1548336 = -183*x. What is the units digit of x?
7
Let f = 41705 + -11642. What is the hundreds digit of f?
0
Suppose 13626 = -o - 5*f + 34145, 2*f = -2*o + 40998. What is the units digit of o?
4
Let l(h) = 14*h - 6*h - 18*h. Let o be l(-1). What is the tens digit of 5/o*-8 + 65?
6
What is the tens digit of (10*1591/(-645))/((-2)/3384)?
3
Let n(j) = -130*j + 968. What is the thousands digit of n(-57)?
8
Let s(o) = -o**3 + 9*o**2 - 2*o - 5. Suppose 46 + 2 = 4*l. Suppose l*v - 14 = 10*v. What is the units digit of s(v)?
9
Let a(w) = -91 - 7*w - 37*w - w - 42. What is the tens digit of a(-4)?
4
Let f be ((-2500)/((-36)/(-9)))/(-1). Suppose u - 4 = -2*g + 3, g - 17 = -5*u. Suppose -714 = -5*l - 4*x, u*l + 2*x = -197 + f. What is the hundreds digit of l?
1
Let m(i) = -7*i + 36. Let r be m(4). Let k(q) = 62*q - 199. What is the units digit of k(r)?
7
Let r(z) = -z**2 + z + 1. Let o(v) = 15*v**3 - 3*v**2 - 3*v. Let u(q) = o(q) - 3*r(q). What is the hundreds digit of u(3)?
3
What is the units digit of 9*(-96)/(-108) + 12901?
9
Let f = 3259 - 3213. What is the units digit of f?
6
Suppose 0 = -9*p + 8323 + 3449. Suppose -54*i + p = -53*i. What is the tens digit of i?
0
Let o = -17855 + 47700. What is the ten thousands digit of o?
2
Let g(v) = 9*v**3 + 262*v**2 + 26*v + 68. What is the hundreds digit of g(-28)?
1
Let s(d) = d**3 + 41*d**2 - 34*d + 8. What is the tens digit of s(-28)?
5
Let x(l) = 7 - 53*l + 5*l - 40 - 42 + 7. What is the units digit of x(-8)?
6
Let y = -25 + 29. What is the units digit of ((-408)/28)/(y/(-14))?
1
Let l = 51592 + -33033. What is the thousands digit of l?
8
Let h(v) = v - 63. Let w(c) = c - 126. Let q(n) = 5*h(n) - 3*w(n). Let y be q(9). Suppose -2*m = -y - 175. What is the units digit of m?
8
Suppose 0 = -3*p - 4*p + 84. What is the tens digit of (p/(-18))/(2/(-2811))?
3
Let r(q) = 776*q + 9325. What is the tens digit of r(22)?
9
Suppose 0 = -1860*v + 1868*v - 70464. What is the units digit of v?
8
Let o(n) = -6*n - 97. Let y be o(-16). What is the units digit of y/8 - (-64966)/176?
9
Let a be ((-27)/2)/(84/(-51856)). What is the hundreds digit of a/22 + (-40)/(-220)?
3
Suppose 142 = 3*i - 53. Suppose -4*w = -3*n - 7, 3*w - 27 = -5*n - 0*w. Suppose -2*g + 4*x + i + 49 = 0, -x + 192 = n*g. What is the tens digit of g?
6
Let o(m) = -84*m. Suppose -7*d + 22 = -20. Let f be (-4)/d*(21/(-6) + 5). What is the tens digit of o(f)?
8
Let j(l) = -3*l**2 + 207*l + 28. What is the hundreds digit of j(24)?
2
Let o be 50 + ((-64)/(-4))/(-4). Suppose -5*k = 5*i + 1080, -o = 4*k - 5*i + 809. What is the tens digit of k/(-20)*(-36)/(-3)?
2
What is the thousands digit of (7 - 300/40)*59426/(-1)?
9
Suppose 10*t - 23*t - 21*t = -370974. What is the units digit of t?
1
Suppose -2*r - 23*d = -20*d - 1832, 1828 = 2*r + 4*d. Suppose 16*m - 1222 = r. What is the units digit of m?
4
Let r be 14 + -10 + -775 + 0. Let c = -384 - r. What is the tens digit of c?
8
Let d(x) = -163*x + 8. Suppose 4*k = k - 5*l - 27, 21 = -3*k - 3*l. What is the tens digit of d(k)?
6
Suppose -3*d = 2*d - 215. Suppose 126 = 4*g + 2*z, 5*g = -z + 150 + 9. Let t = d - g. What is the units digit of t?
1
Let i(m) = -367*m - 1093. What is the units digit of i(-23)?
8
Suppose 38 = 3*l + 53, -d = 2*l - 977. What is the tens digit of d?
8
Let z be (1/((-4)/6))/(59/(-118)). Supp